{"id":644,"date":"2018-06-18T14:12:35","date_gmt":"2018-06-18T17:12:35","guid":{"rendered":"https:\/\/artesvisualessanmiguel-bue.infd.edu.ar\/sitio\/?page_id=644"},"modified":"2022-10-18T18:12:11","modified_gmt":"2022-10-18T21:12:11","slug":"catalogo","status":"publish","type":"page","link":"https:\/\/artesvisualessanmiguel-bue.infd.edu.ar\/sitio\/catalogo\/","title":{"rendered":"CARRERAS"},"content":{"rendered":"\n<p>Profesorado de Artes Visuales con orientaci\u00f3n en Pintura<\/p>\n\n\n\n<p>Profesorado de Artes Visuales con orientaci\u00f3n en Escultura<\/p>\n\n\n\n<p>Profesorado de Artes Visuales con orientaci\u00f3n en Grabado<\/p>\n","protected":false},"excerpt":{"rendered":"<p>Profesorado de Artes Visuales con orientaci\u00f3n en Pintura Profesorado de Artes Visuales con orientaci\u00f3n en Escultura Profesorado de Artes Visuales con orientaci\u00f3n en Grabado<\/p>\n","protected":false},"author":11,"featured_media":0,"parent":0,"menu_order":0,"comment_status":"closed","ping_status":"closed","template":"","meta":[],"acf":[],"_links":{"self":[{"href":"https:\/\/artesvisualessanmiguel-bue.infd.edu.ar\/sitio\/wp-json\/wp\/v2\/pages\/644"}],"collection":[{"href":"https:\/\/artesvisualessanmiguel-bue.infd.edu.ar\/sitio\/wp-json\/wp\/v2\/pages"}],"about":[{"href":"https:\/\/artesvisualessanmiguel-bue.infd.edu.ar\/sitio\/wp-json\/wp\/v2\/types\/page"}],"author":[{"embeddable":true,"href":"https:\/\/artesvisualessanmiguel-bue.infd.edu.ar\/sitio\/wp-json\/wp\/v2\/users\/11"}],"replies":[{"embeddable":true,"href":"https:\/\/artesvisualessanmiguel-bue.infd.edu.ar\/sitio\/wp-json\/wp\/v2\/comments?post=644"}],"version-history":[{"count":8,"href":"https:\/\/artesvisualessanmiguel-bue.infd.edu.ar\/sitio\/wp-json\/wp\/v2\/pages\/644\/revisions"}],"predecessor-version":[{"id":862,"href":"https:\/\/artesvisualessanmiguel-bue.infd.edu.ar\/sitio\/wp-json\/wp\/v2\/pages\/644\/revisions\/862"}],"wp:attachment":[{"href":"https:\/\/artesvisualessanmiguel-bue.infd.edu.ar\/sitio\/wp-json\/wp\/v2\/media?parent=644"}],"curies":[{"name":"wp","href":"https:\/\/api.w.org\/{rel}","templated":true}]}}